7
Let u(j) = -j**2 + 5*j - 6. Let k be 11 - 11 - (-28)/(-6)*3. Let q be 1/2 + (-63)/k. Calculate u(q).
-6
Let j(f) be the second derivative of f**7/2520 + f**6/180 - 7*f**4/6 + 4*f + 8. Let p(g) be the third derivative of j(g). Determine p(-5).
5
Suppose z - 3*c + 7*c + 21 = 0, 2*z + 4*c = -26. Let o(i) = 3*i + 3. Let f(y) = -y - 2. Let r(a) = z*f(a) - 2*o(a). Calculate r(-4).
8
Let s = 95 - 50. Let p(l) = -4 + 46*l**2 - s*l**2 + 3*l + 4*l - 5. Calculate p(-8).
-1
Let q(y) = -y**3 - 473 + 211 + 12*y + 249 + 11*y**2. What is q(12)?
-13
Let c(t) = 8*t. Suppose -4*n + 2*o + 2 = 0, 0 = -5*o + 2 + 13. Let l(s) = 0*s**2 + s + s**n + 3*s - 4. Let z be l(-5). Calculate c(z).
8
Let f(y) be the second derivative of -y**3 + 6*y. Let u(k) be the second derivative of -k**4/12 - k**3/2 - k**2/2 + 11*k. Let d be u(-3). Determine f(d).
6
Suppose -21*a + 116 = -31. Suppose 0 = -2*o - 2*o. Let s(r) = o + 1 - 7 + r. Give s(a).
1
Let b(s) = 99*s - 41*s - 32*s - 5 - s**3 + 3 - 9*s**2 - 37*s. Calculate b(-8).
22
Suppose 2*p - 4*n + 14 = 0, 3*n - 10 = 4*p + n. Let y be 2 + p - (-6)/2. Let l(q) = 62 - 62 - y*q. Give l(1).
-4
Let l(y) = 3*y - 7. Let v be l(5). Let j(s) be the first derivative of -s**3/3 + 7*s**2/2 + 3*s + 1097. What is j(v)?
-5
Let n(a) = 2*a - 5. Let k = -29 - -66. Let o = 41 - k. Determine n(o).
3
Let u(l) = 19*l + 1. Let w be u(0). Let p(a) = 30*a + 1. What is p(w)?
31
Let u(p) = -4*p**2 + 2 + 3*p**2 + 15*p - 7*p. Suppose -11*i + 14 = -9*i. Calculate u(i).
9
Let f(q) = -1 - 7*q + 8 + 6 - 14. Let n(h) = -h**2 - 2*h - 2. Let s be n(-2). Determine f(s).
13
Let c(t) = t + 5. Suppose 45 + 18 = -7*v. Let l be (48/10)/(-2) + v/15. What is c(l)?
2
Let a(i) = -4*i - 1. Suppose -4*c - 9 = j + 2, -2*c = j + 9. Let u be -4 - -5 - (j - -3). What is a(u)?
-21
Let s(n) be the second derivative of n**5/20 - 2*n**4/3 + n**3 + 7*n**2/2 + 288*n. Calculate s(7).
0
Let z be (-30 - -34)/((-2)/(-3)). Let x(n) = 3*n**2 - 21*n + 17. Let u(d) = -2*d**2 + 14*d - 11. Let k(v) = -7*u(v) - 5*x(v). Calculate k(z).
-2
Suppose -2*p + f - 15 = 0, 4*f - 4 = p - 0*p. Let l = 13 + p. Suppose q - l*q = -20. Let y(b) = b**2 - 5*b + 7. Determine y(q).
7
Suppose -13*g - 24 = -19*g. Let r(u) be the first derivative of -u**3/3 + 2*u**2 - 6*u + 1. Give r(g).
-6
Let u(c) = -c**2 + 3*c - 2. Let b be u(1). Let x(l) = b - 1 + 0*l - 5*l - 6*l. Let i = 3 + -4. Determine x(i).
10
Suppose 6*k = 2*k - 3*o - 11, 11 = -5*k - o. Let s(f) = 3*f + 2. Give s(k).
-4
Let x(b) be the second derivative of -b**5/20 - 3*b**4/4 - 5*b**3/6 - 5*b**2 + b - 4. Calculate x(-9).
35
Let m(q) = q**2 - 10*q - 8. Let i(u) = 184*u**2 - u**3 - 181*u**2 + 3*u - 19 + 7*u. Let b be i(3). Determine m(b).
3
Let c(g) = -5*g + 30. Let w(l) = -3*l + 20. Let a(p) = 5*c(p) - 8*w(p). Determine a(-6).
-4
Suppose -3*i - 21 = 4*t, -t + 3*i - i = -3. Let b(r) be the first derivative of -r**4/4 - r**3 - 3*r**2/2 - r - 3. Give b(t).
8
Suppose 3*i = -v + 10 - 2, -4*i = -4*v. Let o(b) be the third derivative of 7/60*b**5 + 0*b + 1/6*b**3 + 1/12*b**4 + 0 + b**i. Give o(-1).
6
Let w(t) = 3*t**3 + 7*t**2 - 5*t - 2. Let k(r) be the first derivative of 5*r**4/4 + 14*r**3/3 - 5*r**2 - 4*r + 17. Let d(i) = 4*k(i) - 7*w(i). Determine d(6).
4
Let w(u) = -u**2 - 6*u + 10. Let b be (7/21)/(2/(-3))*0. Suppose 0 = -3*g - 5*s + 16, 2*g - 3*s + 4 = s. Suppose b = g*y - 3 + 17. Calculate w(y).
3
Let i(t) be the first derivative of 4*t**2 - 1/6*t**3 + 1 - t. Let k(b) be the first derivative of i(b). Give k(6).
2
Let k(s) be the third derivative of -s**7/5040 + s**6/60 - s**5/15 - 4*s**2. Let b(l) be the third derivative of k(l). Give b(8).
4
Let i(l) = -3*l**2 + 2*l**2 + 9*l + 0*l**2 - 7. Suppose -11*t + 18*t - 56 = 0. Let n be i(t). Let w(r) = -3*r + 1. Calculate w(n).
-2
Let w = -57 - -49. Let d(y) = 3*y**2 + 5*y + 25. Let t(z) = 5*z**2 + 7*z + 38. Let q(k) = w*d(k) + 5*t(k). Give q(7).
4
Suppose 3*l + 3*l - 36 = 0. Suppose -12 = -l*j + 3*j. Let g(t) = t**3 - 6*t**2 + t + 4. Calculate g(j).
-24
Suppose 0 = -4*v - b + 44, 5*v - 2 = -5*b + 38. Suppose -4 = y - 3*y, 2*u + 4*y = v. Let l(x) = -x**2 + 9*x - u*x + 4 - 2*x + 3. What is l(6)?
1
Let b(x) = -x**2 - 13*x - 21. Let d = 38 - 47. Determine b(d).
15
Let r(j) = 7*j. Suppose 0 = -2*l + 2*v + 30, -3*v - v = 2*l. Let s = -11 + l. What is r(s)?
-7
Let d(w) = 2*w**2 + 2*w**2 + 0*w**2 + w. Suppose 156 = -r - 3*r. Let z = 37 + r. Give d(z).
14
Let r be -6*2*(-4)/6. Let n = -5 + r. Let p(g) = -16 - 2*g**3 - 5*g**2 + 19 - n*g + g**3. Give p(-4).
-1
Let k(a) = a**3 + 4*a**2 + 3*a + 1. Let t be -2 - (2 - (2 + 0)). Give k(t).
3
Let c(a) = a + 3. Let o be (27/2)/(4/(-8)). Let l = o - -30. Suppose l*g = 4*g + 3. Determine c(g).
0
Suppose w - 7 = -4*y, 0 = -3*w - 2 - 1. Let a(x) = -x + 2. Calculate a(y).
0
Suppose 6 = 5*l - 59. Let k = l - 9. Let y(x) = x. Let o(a) = 4*a + 1. Let z(u) = o(u) - 3*y(u). Determine z(k).
5
Suppose -3*u = 4*j + 27, 6 + 9 = -j + 2*u. Let x(g) be the third derivative of -g**4/12 - 5*g**3/3 + 192*g**2. Give x(j).
8
Let o(b) = b**2 + 6*b + 3. Let z be -35 + (-6)/(4/(-8)*4). Let t = z - -26. Give o(t).
3
Let u = 716 + -715. Let t(q) = 32*q**3 + q**2 - 3*q + 2. What is t(u)?
32
Let d(f) = -f. Suppose -4*h = -3*h - 5*b - 42, -5*b - 110 = -5*h. Suppose -3*j - 4*m = -h, -m - 1 = -2*j - 8. Calculate d(j).
1
Let n(k) = k**3 + 10*k**2 + 12*k + 8. Let s be n(-8). Suppose 3*c = 3*u + 2*u - s, -2*u = 2*c. Let i(g) = -g**2 - 2*g. Calculate i(c).
-15
Let f(o) = -3*o**3 - 9*o**2 - 6*o - 4. Let l(g) = 6*g**3 + 16*g**2 + 11*g + 7. Let j(z) = -5*f(z) - 3*l(z). Determine j(-2).
17
Let f(x) = -x**2 + 8*x - 5. Let r be f(7). Let h(p) = -3*p**2 - 2*p**2 + 3 - 10*p**3 + 4*p + 11*p**3 - p**r. Determine h(5).
-2
Suppose -n = -2, -5*t + 5*n - 38 = -6*t. Suppose -2*h = -3*f + 11, 4*h + f = -1 - t. Let o(j) = -j**2 - 6*j + 2. Give o(h).
-5
Let a = -16 - -40. Suppose -b - r = 8, -b + 3*r = 2*b + a. Let j(d) = d**2 + 10*d + 12. Calculate j(b).
-4
Let q(k) = 37*k - k**3 + 12*k**2 - 47*k - 14 - 10*k. What is q(10)?
-14
Let q(d) = 85*d - 1 + 3 + 1 + 2 - d**2 - 90*d. What is q(-7)?
-9
Let u(a) = -a + 1. Suppose 2*i = 67 - 9. Let x(t) = -4*t**3 - t**2 + 1. Let g be x(-1). Suppose -l + i = -g*v, v = 6*v - 5*l + 55. What is u(v)?
7
Let f(c) = 2*c**3 - 3*c**2 - 14*c. Let n(i) = -i**3 + 2*i**2 + 7*i. Let o(w) = 2*f(w) + 5*n(w). Let b(r) = 11*r - 215. Let z be b(20). Calculate o(z).
10
Let p(h) = h**3 - h. Suppose 0 = -4*l + 2*o - 6, l - o = -2 - 2. Suppose 11 + l = 6*s. What is p(s)?
6
Let b = 1 + 0. Let z(l) = 4 - 2*l + b + 1. What is z(6)?
-6
Suppose 3*p + 14 = 8. Let z(b) = -b**3 - 3*b**2 - 2*b - 2. Determine z(p).
-2
Let j(n) be the third derivative of n**5/30 - n**4/24 + n**3/6 - n**2 - 103*n. Suppose z - 3 = 2. Suppose 3*k - 1 - z = 0. What is j(k)?
7
Let r(j) = -3*j**3 + j**2 - j + 1. Let u(s) = 11*s**3 + 2*s**2 - s - 10. Let b(m) = 4*r(m) + u(m). What is b(5)?
-6
Suppose 23 = -4*u + 3. Let w(q) = -q**3 - 5*q**2 + 6. What is w(u)?
6
Let a(q) = -q**3 + 2*q**2 + q - 2. Let h be a(2). Suppose h = w - 6 + 4. Suppose 2*p - w = 6. Let v(s) = -s**2 + s + 4. Give v(p).
-8
Let z = -231 - -229. Let x(j) = -3*j**2 - 1. Determine x(z).
-13
Let j(w) = w - 6. Let b be j(11). Suppose -2*x - 25 = -5*m, -b*m + 14 + 11 = 5*x. Let l(k) = -25*k - k**2 + x*k**2 + 25*k + 3. What is l(0)?
3
Let k = -1280 - -1286. Let b(t) = t**3 - 4*t**2 - 9*t + 1. Calculate b(k).
19
Let j(k) = -2*k**3 + 4*k**2 - 2*k. Suppose 0 = -p + 4*r + 10, 0*r + 8 = p - 3*r. Suppose p*a = -3*s + 10 - 0, -4*a + 10 = s. Calculate j(s).
-4
Let u(l) = 15*l + 9. Let w(t) = -7*t - 5. Let q(y) = 4*u(y) + 9*w(y). Suppose 14785*s = 14787*s + 12. Calculate q(s).
9
Suppose 2*z - 3 = -u, -z - 12 = -5*z. Let k(a) = -a**3 - 4*a**2 + 1. Give k(u).
-8
Let u(o) = 2*o - 1. Let b(q) = q + 8. Let h(d) = 2*b(d) - 3*u(d). Determine h(6).
-5
Let p = -2 + 4. Let k(q) = 9*q**2 - 9*q. Let n = -51 + 53. Let r(u) = 4*u**2 - 4*u. Let g(w) = n*k(w) - 5*r(w). Determine g(p).
-4
Let v be ((-627)/(-55) + (-4)/10)*1. Suppose -c + 40 = -v*c. Let j(n) = -n**3 - 5*n**2 + 2*n - 5. Calculate j(c).
-29
Let n(r) be the first derivative of -r**3 + 2*r**2 + 4*r + 252. What is n(4)?
-28
Let s(b) = 1. Let r(z) = 3*z + 2. Let q(l) = -r(l) + 2*s(l). Suppose 0 = 21*k - 11*k + 20. Determine q(k).
6
Let m(w) = 3*w**3 - 22*